{"id":1877,"date":"2021-07-19T13:52:02","date_gmt":"2021-07-19T11:52:02","guid":{"rendered":"https:\/\/www.celion.fr\/electronique\/?page_id=1877"},"modified":"2021-10-04T13:08:04","modified_gmt":"2021-10-04T11:08:04","slug":"board-to-board-2-54mm-pin-header-dr","status":"publish","type":"page","link":"https:\/\/www.celion.fr\/electronique\/board-to-board-pin-header-2-54mm-dip4-board-to-board-pin-header-2-54mm-dr-board-to-board-pin-header-2-54mm-smt-board-to-board-pin-header-2-5\/board-to-board-2-54mm-pin-header-dr\/","title":{"rendered":"Board to board &#8211; 2.54mm PIN HEADER DR"},"content":{"rendered":"\t\t<div data-elementor-type=\"wp-page\" data-elementor-id=\"1877\" class=\"elementor elementor-1877\" data-elementor-settings=\"{&quot;ha_cmc_init_switcher&quot;:&quot;no&quot;}\" data-elementor-post-type=\"page\">\n\t\t\t\t\t\t<section class=\"elementor-section elementor-top-section elementor-element elementor-element-0d9a676 elementor-section-boxed elementor-section-height-default elementor-section-height-default\" data-id=\"0d9a676\" data-element_type=\"section\" data-settings=\"{&quot;_ha_eqh_enable&quot;:false}\">\n\t\t\t\t\t\t<div class=\"elementor-container elementor-column-gap-default\">\n\t\t\t\t\t<div class=\"elementor-column elementor-col-100 elementor-top-column elementor-element elementor-element-f97df6b\" data-id=\"f97df6b\" data-element_type=\"column\">\n\t\t\t<div class=\"elementor-widget-wrap elementor-element-populated\">\n\t\t\t\t\t\t<div class=\"elementor-element elementor-element-0724dc5 elementor-widget elementor-widget-heading\" data-id=\"0724dc5\" data-element_type=\"widget\" data-widget_type=\"heading.default\">\n\t\t\t\t<div class=\"elementor-widget-container\">\n\t\t\t\t\t<h2 class=\"elementor-heading-title elementor-size-default\">Pin header<\/h2>\t\t\t\t<\/div>\n\t\t\t\t<\/div>\n\t\t\t\t<div class=\"elementor-element elementor-element-c638a30 elementor-widget elementor-widget-heading\" data-id=\"c638a30\" data-element_type=\"widget\" data-widget_type=\"heading.default\">\n\t\t\t\t<div class=\"elementor-widget-container\">\n\t\t\t\t\t<h2 class=\"elementor-heading-title elementor-size-default\">Pitch 2.54mm - DIP - Right angle<\/h2>\t\t\t\t<\/div>\n\t\t\t\t<\/div>\n\t\t\t\t<div class=\"elementor-element elementor-element-7e1d5d3 elementor-widget elementor-widget-spacer\" data-id=\"7e1d5d3\" data-element_type=\"widget\" data-widget_type=\"spacer.default\">\n\t\t\t\t<div class=\"elementor-widget-container\">\n\t\t\t\t\t\t\t<div class=\"elementor-spacer\">\n\t\t\t<div class=\"elementor-spacer-inner\"><\/div>\n\t\t<\/div>\n\t\t\t\t\t\t<\/div>\n\t\t\t\t<\/div>\n\t\t\t\t<div class=\"elementor-element elementor-element-2f53e51 elementor-widget elementor-widget-image\" data-id=\"2f53e51\" data-element_type=\"widget\" data-widget_type=\"image.default\">\n\t\t\t\t<div class=\"elementor-widget-container\">\n\t\t\t\t\t\t\t\t\t\t\t\t\t\t\t<img fetchpriority=\"high\" decoding=\"async\" width=\"599\" height=\"477\" src=\"https:\/\/i0.wp.com\/www.celion.fr\/electronique\/wp-content\/uploads\/2021\/07\/Board-to-board-2.54mm-PIN-HEADER-DR-V3.jpg?fit=599%2C477&amp;ssl=1\" class=\"attachment-large size-large wp-image-1742\" alt=\"\" srcset=\"https:\/\/i0.wp.com\/www.celion.fr\/electronique\/wp-content\/uploads\/2021\/07\/Board-to-board-2.54mm-PIN-HEADER-DR-V3.jpg?w=599&amp;ssl=1 599w, https:\/\/i0.wp.com\/www.celion.fr\/electronique\/wp-content\/uploads\/2021\/07\/Board-to-board-2.54mm-PIN-HEADER-DR-V3.jpg?resize=300%2C239&amp;ssl=1 300w\" sizes=\"(max-width: 599px) 100vw, 599px\" \/>\t\t\t\t\t\t\t\t\t\t\t\t\t\t\t<\/div>\n\t\t\t\t<\/div>\n\t\t\t\t<div class=\"elementor-element elementor-element-33444d8 elementor-widget elementor-widget-spacer\" data-id=\"33444d8\" data-element_type=\"widget\" data-widget_type=\"spacer.default\">\n\t\t\t\t<div class=\"elementor-widget-container\">\n\t\t\t\t\t\t\t<div class=\"elementor-spacer\">\n\t\t\t<div class=\"elementor-spacer-inner\"><\/div>\n\t\t<\/div>\n\t\t\t\t\t\t<\/div>\n\t\t\t\t<\/div>\n\t\t\t\t<div class=\"elementor-element elementor-element-3e826b9 elementor-widget elementor-widget-shortcode\" data-id=\"3e826b9\" data-element_type=\"widget\" data-widget_type=\"shortcode.default\">\n\t\t\t\t<div class=\"elementor-widget-container\">\n\t\t\t\t\t\t\t<div class=\"elementor-shortcode\">\n<table id=\"tablepress-47\" class=\"tablepress tablepress-id-47\">\n<thead>\n<tr class=\"row-1\">\n\t<th class=\"column-1\">Type<\/th><th class=\"column-2\">Sp\u00e9cificit\u00e9<\/th><td class=\"column-3\"><\/td>\n<\/tr>\n<\/thead>\n<tbody class=\"row-striping row-hover\">\n<tr class=\"row-2\">\n\t<td class=\"column-1\">Pin Header<\/td><td class=\"column-2\">Single row - Right angle<\/td><td class=\"column-3\"><a href=\"https:\/\/www.celion.fr\/electronique\/wp-content\/uploads\/2021\/09\/12XXDR-11XX-XXX-XXX.pdf\" target=\"_blank\" rel=\"noopener\"><i class=\"fas fa-download\"><\/i> T\u00e9l\u00e9charger la fiche<\/a><\/td>\n<\/tr>\n<tr class=\"row-3\">\n\t<td class=\"column-1\">Pin Header<\/td><td class=\"column-2\">Dual row - Right angle<\/td><td class=\"column-3\"><a href=\"https:\/\/www.celion.fr\/electronique\/wp-content\/uploads\/2021\/09\/12XXDR-12XX-XXX-XXX.pdf\" target=\"_blank\" rel=\"noopener\"><i class=\"fas fa-download\"><\/i> T\u00e9l\u00e9charger la fiche<\/a><\/td>\n<\/tr>\n<tr class=\"row-4\">\n\t<td class=\"column-1\">Pin Header<\/td><td class=\"column-2\">Dual row - R\/A - H:7.4mm<\/td><td class=\"column-3\"><a href=\"https:\/\/www.celion.fr\/electronique\/wp-content\/uploads\/2021\/09\/1274DR-12XX-XXX-XXX.pdf\" target=\"_blank\" rel=\"noopener\"><i class=\"fas fa-download\"><\/i> T\u00e9l\u00e9charger la fiche<\/a><\/td>\n<\/tr>\n<tr class=\"row-5\">\n\t<td class=\"column-1\">Pin Header<\/td><td class=\"column-2\">Triple row - Right angle<\/td><td class=\"column-3\"><a href=\"https:\/\/www.celion.fr\/electronique\/wp-content\/uploads\/2021\/09\/1225DR-13XX-XXX-XXX.pdf\" target=\"_blank\" rel=\"noopener\"><i class=\"fas fa-download\"><\/i> T\u00e9l\u00e9charger la fiche<\/a><\/td>\n<\/tr>\n<tr class=\"row-6\">\n\t<td class=\"column-1\">Pin Header<\/td><td class=\"column-2\">Single row - Double plastic<\/td><td class=\"column-3\"><a href=\"https:\/\/www.celion.fr\/electronique\/wp-content\/uploads\/2021\/09\/12XXDR-21XX-XXX-XXX.pdf\" target=\"_blank\" rel=\"noopener\"><i class=\"fas fa-download\"><\/i> T\u00e9l\u00e9charger la fiche<\/a><\/td>\n<\/tr>\n<tr class=\"row-7\">\n\t<td class=\"column-1\">Pin Header<\/td><td class=\"column-2\">Dual row - double plastic<\/td><td class=\"column-3\"><a href=\"https:\/\/www.celion.fr\/electronique\/wp-content\/uploads\/2021\/09\/1225DR-22XX-XXX-XXX.pdf\" target=\"_blank\" rel=\"noopener\"><i class=\"fas fa-download\"><\/i> T\u00e9l\u00e9charger la fiche<\/a><\/td>\n<\/tr>\n<\/tbody>\n<\/table>\n<!-- #tablepress-47 from cache --><\/div>\n\t\t\t\t\t\t<\/div>\n\t\t\t\t<\/div>\n\t\t\t\t\t<\/div>\n\t\t<\/div>\n\t\t\t\t\t<\/div>\n\t\t<\/section>\n\t\t\t\t<\/div>\n\t\t","protected":false},"excerpt":{"rendered":"<p>Pin header Pitch 2.54mm &#8211; DIP &#8211; Right angle<\/p>\n","protected":false},"author":1,"featured_media":0,"parent":616,"menu_order":0,"comment_status":"closed","ping_status":"closed","template":"","meta":{"_acf_changed":false,"ocean_post_layout":"","ocean_both_sidebars_style":"","ocean_both_sidebars_content_width":0,"ocean_both_sidebars_sidebars_width":0,"ocean_sidebar":"0","ocean_second_sidebar":"0","ocean_disable_margins":"enable","ocean_add_body_class":"","ocean_shortcode_before_top_bar":"","ocean_shortcode_after_top_bar":"","ocean_shortcode_before_header":"","ocean_shortcode_after_header":"","ocean_has_shortcode":"","ocean_shortcode_after_title":"","ocean_shortcode_before_footer_widgets":"","ocean_shortcode_after_footer_widgets":"","ocean_shortcode_before_footer_bottom":"","ocean_shortcode_after_footer_bottom":"","ocean_display_top_bar":"default","ocean_display_header":"default","ocean_header_style":"","ocean_center_header_left_menu":"0","ocean_custom_header_template":"0","ocean_custom_logo":0,"ocean_custom_retina_logo":0,"ocean_custom_logo_max_width":0,"ocean_custom_logo_tablet_max_width":0,"ocean_custom_logo_mobile_max_width":0,"ocean_custom_logo_max_height":0,"ocean_custom_logo_tablet_max_height":0,"ocean_custom_logo_mobile_max_height":0,"ocean_header_custom_menu":"0","ocean_menu_typo_font_family":"0","ocean_menu_typo_font_subset":"","ocean_menu_typo_font_size":0,"ocean_menu_typo_font_size_tablet":0,"ocean_menu_typo_font_size_mobile":0,"ocean_menu_typo_font_size_unit":"px","ocean_menu_typo_font_weight":"","ocean_menu_typo_font_weight_tablet":"","ocean_menu_typo_font_weight_mobile":"","ocean_menu_typo_transform":"","ocean_menu_typo_transform_tablet":"","ocean_menu_typo_transform_mobile":"","ocean_menu_typo_line_height":0,"ocean_menu_typo_line_height_tablet":0,"ocean_menu_typo_line_height_mobile":0,"ocean_menu_typo_line_height_unit":"","ocean_menu_typo_spacing":0,"ocean_menu_typo_spacing_tablet":0,"ocean_menu_typo_spacing_mobile":0,"ocean_menu_typo_spacing_unit":"","ocean_menu_link_color":"","ocean_menu_link_color_hover":"","ocean_menu_link_color_active":"","ocean_menu_link_background":"","ocean_menu_link_hover_background":"","ocean_menu_link_active_background":"","ocean_menu_social_links_bg":"","ocean_menu_social_hover_links_bg":"","ocean_menu_social_links_color":"","ocean_menu_social_hover_links_color":"","ocean_disable_title":"default","ocean_disable_heading":"on","ocean_post_title":"","ocean_post_subheading":"","ocean_post_title_style":"","ocean_post_title_background_color":"","ocean_post_title_background":0,"ocean_post_title_bg_image_position":"","ocean_post_title_bg_image_attachment":"","ocean_post_title_bg_image_repeat":"","ocean_post_title_bg_image_size":"","ocean_post_title_height":0,"ocean_post_title_bg_overlay":0.5,"ocean_post_title_bg_overlay_color":"","ocean_disable_breadcrumbs":"default","ocean_breadcrumbs_color":"","ocean_breadcrumbs_separator_color":"","ocean_breadcrumbs_links_color":"","ocean_breadcrumbs_links_hover_color":"","ocean_display_footer_widgets":"default","ocean_display_footer_bottom":"default","ocean_custom_footer_template":"0","footnotes":""},"class_list":["post-1877","page","type-page","status-publish","hentry","entry","owp-thumbs-layout-horizontal","owp-btn-normal","owp-tabs-layout-horizontal","has-no-thumbnails","has-product-nav"],"acf":[],"yoast_head":"<!-- This site is optimized with the Yoast SEO plugin v25.3 - https:\/\/yoast.com\/wordpress\/plugins\/seo\/ -->\n<title>Board to board - 2.54mm PIN HEADER DR - C\u00e9lion \u00e9lectronique - Votre partenaire<\/title>\n<meta name=\"description\" content=\"C\u00e9lion \u00e9lectronique poss\u00e8de un large choix de Board to board - 2.54mm PIN HEADER DR dans son stock. N&#039;h\u00e9sitez pas \u00e0 nous contacter pour toute demande !\" \/>\n<meta name=\"robots\" content=\"index, follow, max-snippet:-1, max-image-preview:large, max-video-preview:-1\" \/>\n<link rel=\"canonical\" href=\"https:\/\/www.celion.fr\/electronique\/board-to-board-pin-header-2-54mm-dip4-board-to-board-pin-header-2-54mm-dr-board-to-board-pin-header-2-54mm-smt-board-to-board-pin-header-2-5\/board-to-board-2-54mm-pin-header-dr\/\" \/>\n<meta property=\"og:locale\" content=\"fr_FR\" \/>\n<meta property=\"og:type\" content=\"article\" \/>\n<meta property=\"og:title\" content=\"Board to board - 2.54mm PIN HEADER DR - C\u00e9lion \u00e9lectronique - Votre partenaire\" \/>\n<meta property=\"og:description\" content=\"C\u00e9lion \u00e9lectronique poss\u00e8de un large choix de Board to board - 2.54mm PIN HEADER DR dans son stock. N&#039;h\u00e9sitez pas \u00e0 nous contacter pour toute demande !\" \/>\n<meta property=\"og:url\" content=\"https:\/\/www.celion.fr\/electronique\/board-to-board-pin-header-2-54mm-dip4-board-to-board-pin-header-2-54mm-dr-board-to-board-pin-header-2-54mm-smt-board-to-board-pin-header-2-5\/board-to-board-2-54mm-pin-header-dr\/\" \/>\n<meta property=\"og:site_name\" content=\"C\u00e9lion \u00e9lectronique - Votre partenaire\" \/>\n<meta property=\"article:modified_time\" content=\"2021-10-04T11:08:04+00:00\" \/>\n<meta property=\"og:image\" content=\"https:\/\/www.celion.fr\/electronique\/wp-content\/uploads\/2021\/07\/Board-to-board-2.54mm-PIN-HEADER-DR-V3.jpg\" \/>\n<meta name=\"twitter:card\" content=\"summary_large_image\" \/>\n<meta name=\"twitter:label1\" content=\"Dur\u00e9e de lecture estim\u00e9e\" \/>\n\t<meta name=\"twitter:data1\" content=\"1 minute\" \/>\n<script type=\"application\/ld+json\" class=\"yoast-schema-graph\">{\"@context\":\"https:\/\/schema.org\",\"@graph\":[{\"@type\":\"WebPage\",\"@id\":\"https:\/\/www.celion.fr\/electronique\/board-to-board-pin-header-2-54mm-dip4-board-to-board-pin-header-2-54mm-dr-board-to-board-pin-header-2-54mm-smt-board-to-board-pin-header-2-5\/board-to-board-2-54mm-pin-header-dr\/\",\"url\":\"https:\/\/www.celion.fr\/electronique\/board-to-board-pin-header-2-54mm-dip4-board-to-board-pin-header-2-54mm-dr-board-to-board-pin-header-2-54mm-smt-board-to-board-pin-header-2-5\/board-to-board-2-54mm-pin-header-dr\/\",\"name\":\"Board to board - 2.54mm PIN HEADER DR - C\u00e9lion \u00e9lectronique - Votre partenaire\",\"isPartOf\":{\"@id\":\"https:\/\/www.celion.fr\/electronique\/#website\"},\"primaryImageOfPage\":{\"@id\":\"https:\/\/www.celion.fr\/electronique\/board-to-board-pin-header-2-54mm-dip4-board-to-board-pin-header-2-54mm-dr-board-to-board-pin-header-2-54mm-smt-board-to-board-pin-header-2-5\/board-to-board-2-54mm-pin-header-dr\/#primaryimage\"},\"image\":{\"@id\":\"https:\/\/www.celion.fr\/electronique\/board-to-board-pin-header-2-54mm-dip4-board-to-board-pin-header-2-54mm-dr-board-to-board-pin-header-2-54mm-smt-board-to-board-pin-header-2-5\/board-to-board-2-54mm-pin-header-dr\/#primaryimage\"},\"thumbnailUrl\":\"https:\/\/www.celion.fr\/electronique\/wp-content\/uploads\/2021\/07\/Board-to-board-2.54mm-PIN-HEADER-DR-V3.jpg\",\"datePublished\":\"2021-07-19T11:52:02+00:00\",\"dateModified\":\"2021-10-04T11:08:04+00:00\",\"description\":\"C\u00e9lion \u00e9lectronique poss\u00e8de un large choix de Board to board - 2.54mm PIN HEADER DR dans son stock. N'h\u00e9sitez pas \u00e0 nous contacter pour toute demande !\",\"breadcrumb\":{\"@id\":\"https:\/\/www.celion.fr\/electronique\/board-to-board-pin-header-2-54mm-dip4-board-to-board-pin-header-2-54mm-dr-board-to-board-pin-header-2-54mm-smt-board-to-board-pin-header-2-5\/board-to-board-2-54mm-pin-header-dr\/#breadcrumb\"},\"inLanguage\":\"fr-FR\",\"potentialAction\":[{\"@type\":\"ReadAction\",\"target\":[\"https:\/\/www.celion.fr\/electronique\/board-to-board-pin-header-2-54mm-dip4-board-to-board-pin-header-2-54mm-dr-board-to-board-pin-header-2-54mm-smt-board-to-board-pin-header-2-5\/board-to-board-2-54mm-pin-header-dr\/\"]}]},{\"@type\":\"ImageObject\",\"inLanguage\":\"fr-FR\",\"@id\":\"https:\/\/www.celion.fr\/electronique\/board-to-board-pin-header-2-54mm-dip4-board-to-board-pin-header-2-54mm-dr-board-to-board-pin-header-2-54mm-smt-board-to-board-pin-header-2-5\/board-to-board-2-54mm-pin-header-dr\/#primaryimage\",\"url\":\"https:\/\/i0.wp.com\/www.celion.fr\/electronique\/wp-content\/uploads\/2021\/07\/Board-to-board-2.54mm-PIN-HEADER-DR-V3.jpg?fit=599%2C477&ssl=1\",\"contentUrl\":\"https:\/\/i0.wp.com\/www.celion.fr\/electronique\/wp-content\/uploads\/2021\/07\/Board-to-board-2.54mm-PIN-HEADER-DR-V3.jpg?fit=599%2C477&ssl=1\",\"width\":599,\"height\":477},{\"@type\":\"BreadcrumbList\",\"@id\":\"https:\/\/www.celion.fr\/electronique\/board-to-board-pin-header-2-54mm-dip4-board-to-board-pin-header-2-54mm-dr-board-to-board-pin-header-2-54mm-smt-board-to-board-pin-header-2-5\/board-to-board-2-54mm-pin-header-dr\/#breadcrumb\",\"itemListElement\":[{\"@type\":\"ListItem\",\"position\":1,\"name\":\"Accueil\",\"item\":\"https:\/\/www.celion.fr\/electronique\/\"},{\"@type\":\"ListItem\",\"position\":2,\"name\":\"Board To Board-Pin header-2.54mm\",\"item\":\"https:\/\/www.celion.fr\/electronique\/board-to-board-pin-header-2-54mm-dip4-board-to-board-pin-header-2-54mm-dr-board-to-board-pin-header-2-54mm-smt-board-to-board-pin-header-2-5\/\"},{\"@type\":\"ListItem\",\"position\":3,\"name\":\"Board to board &#8211; 2.54mm PIN HEADER DR\"}]},{\"@type\":\"WebSite\",\"@id\":\"https:\/\/www.celion.fr\/electronique\/#website\",\"url\":\"https:\/\/www.celion.fr\/electronique\/\",\"name\":\"C\u00e9lion \u00e9lectronique - Votre partenaire\",\"description\":\"\",\"publisher\":{\"@id\":\"https:\/\/www.celion.fr\/electronique\/#organization\"},\"potentialAction\":[{\"@type\":\"SearchAction\",\"target\":{\"@type\":\"EntryPoint\",\"urlTemplate\":\"https:\/\/www.celion.fr\/electronique\/?s={search_term_string}\"},\"query-input\":{\"@type\":\"PropertyValueSpecification\",\"valueRequired\":true,\"valueName\":\"search_term_string\"}}],\"inLanguage\":\"fr-FR\"},{\"@type\":\"Organization\",\"@id\":\"https:\/\/www.celion.fr\/electronique\/#organization\",\"name\":\"C\u00e9lion \u00e9lectronique\",\"url\":\"https:\/\/www.celion.fr\/electronique\/\",\"logo\":{\"@type\":\"ImageObject\",\"inLanguage\":\"fr-FR\",\"@id\":\"https:\/\/www.celion.fr\/electronique\/#\/schema\/logo\/image\/\",\"url\":\"https:\/\/i1.wp.com\/www.celion.fr\/electronique\/wp-content\/uploads\/2021\/04\/LOGO_Celion_fond-transparent.png?fit=13386%2C3465&ssl=1\",\"contentUrl\":\"https:\/\/i1.wp.com\/www.celion.fr\/electronique\/wp-content\/uploads\/2021\/04\/LOGO_Celion_fond-transparent.png?fit=13386%2C3465&ssl=1\",\"width\":13386,\"height\":3465,\"caption\":\"C\u00e9lion \u00e9lectronique\"},\"image\":{\"@id\":\"https:\/\/www.celion.fr\/electronique\/#\/schema\/logo\/image\/\"}}]}<\/script>\n<!-- \/ Yoast SEO plugin. -->","yoast_head_json":{"title":"Board to board - 2.54mm PIN HEADER DR - C\u00e9lion \u00e9lectronique - Votre partenaire","description":"C\u00e9lion \u00e9lectronique poss\u00e8de un large choix de Board to board - 2.54mm PIN HEADER DR dans son stock. N'h\u00e9sitez pas \u00e0 nous contacter pour toute demande !","robots":{"index":"index","follow":"follow","max-snippet":"max-snippet:-1","max-image-preview":"max-image-preview:large","max-video-preview":"max-video-preview:-1"},"canonical":"https:\/\/www.celion.fr\/electronique\/board-to-board-pin-header-2-54mm-dip4-board-to-board-pin-header-2-54mm-dr-board-to-board-pin-header-2-54mm-smt-board-to-board-pin-header-2-5\/board-to-board-2-54mm-pin-header-dr\/","og_locale":"fr_FR","og_type":"article","og_title":"Board to board - 2.54mm PIN HEADER DR - C\u00e9lion \u00e9lectronique - Votre partenaire","og_description":"C\u00e9lion \u00e9lectronique poss\u00e8de un large choix de Board to board - 2.54mm PIN HEADER DR dans son stock. N'h\u00e9sitez pas \u00e0 nous contacter pour toute demande !","og_url":"https:\/\/www.celion.fr\/electronique\/board-to-board-pin-header-2-54mm-dip4-board-to-board-pin-header-2-54mm-dr-board-to-board-pin-header-2-54mm-smt-board-to-board-pin-header-2-5\/board-to-board-2-54mm-pin-header-dr\/","og_site_name":"C\u00e9lion \u00e9lectronique - Votre partenaire","article_modified_time":"2021-10-04T11:08:04+00:00","og_image":[{"url":"https:\/\/www.celion.fr\/electronique\/wp-content\/uploads\/2021\/07\/Board-to-board-2.54mm-PIN-HEADER-DR-V3.jpg","type":"","width":"","height":""}],"twitter_card":"summary_large_image","twitter_misc":{"Dur\u00e9e de lecture estim\u00e9e":"1 minute"},"schema":{"@context":"https:\/\/schema.org","@graph":[{"@type":"WebPage","@id":"https:\/\/www.celion.fr\/electronique\/board-to-board-pin-header-2-54mm-dip4-board-to-board-pin-header-2-54mm-dr-board-to-board-pin-header-2-54mm-smt-board-to-board-pin-header-2-5\/board-to-board-2-54mm-pin-header-dr\/","url":"https:\/\/www.celion.fr\/electronique\/board-to-board-pin-header-2-54mm-dip4-board-to-board-pin-header-2-54mm-dr-board-to-board-pin-header-2-54mm-smt-board-to-board-pin-header-2-5\/board-to-board-2-54mm-pin-header-dr\/","name":"Board to board - 2.54mm PIN HEADER DR - C\u00e9lion \u00e9lectronique - Votre partenaire","isPartOf":{"@id":"https:\/\/www.celion.fr\/electronique\/#website"},"primaryImageOfPage":{"@id":"https:\/\/www.celion.fr\/electronique\/board-to-board-pin-header-2-54mm-dip4-board-to-board-pin-header-2-54mm-dr-board-to-board-pin-header-2-54mm-smt-board-to-board-pin-header-2-5\/board-to-board-2-54mm-pin-header-dr\/#primaryimage"},"image":{"@id":"https:\/\/www.celion.fr\/electronique\/board-to-board-pin-header-2-54mm-dip4-board-to-board-pin-header-2-54mm-dr-board-to-board-pin-header-2-54mm-smt-board-to-board-pin-header-2-5\/board-to-board-2-54mm-pin-header-dr\/#primaryimage"},"thumbnailUrl":"https:\/\/www.celion.fr\/electronique\/wp-content\/uploads\/2021\/07\/Board-to-board-2.54mm-PIN-HEADER-DR-V3.jpg","datePublished":"2021-07-19T11:52:02+00:00","dateModified":"2021-10-04T11:08:04+00:00","description":"C\u00e9lion \u00e9lectronique poss\u00e8de un large choix de Board to board - 2.54mm PIN HEADER DR dans son stock. N'h\u00e9sitez pas \u00e0 nous contacter pour toute demande !","breadcrumb":{"@id":"https:\/\/www.celion.fr\/electronique\/board-to-board-pin-header-2-54mm-dip4-board-to-board-pin-header-2-54mm-dr-board-to-board-pin-header-2-54mm-smt-board-to-board-pin-header-2-5\/board-to-board-2-54mm-pin-header-dr\/#breadcrumb"},"inLanguage":"fr-FR","potentialAction":[{"@type":"ReadAction","target":["https:\/\/www.celion.fr\/electronique\/board-to-board-pin-header-2-54mm-dip4-board-to-board-pin-header-2-54mm-dr-board-to-board-pin-header-2-54mm-smt-board-to-board-pin-header-2-5\/board-to-board-2-54mm-pin-header-dr\/"]}]},{"@type":"ImageObject","inLanguage":"fr-FR","@id":"https:\/\/www.celion.fr\/electronique\/board-to-board-pin-header-2-54mm-dip4-board-to-board-pin-header-2-54mm-dr-board-to-board-pin-header-2-54mm-smt-board-to-board-pin-header-2-5\/board-to-board-2-54mm-pin-header-dr\/#primaryimage","url":"https:\/\/i0.wp.com\/www.celion.fr\/electronique\/wp-content\/uploads\/2021\/07\/Board-to-board-2.54mm-PIN-HEADER-DR-V3.jpg?fit=599%2C477&ssl=1","contentUrl":"https:\/\/i0.wp.com\/www.celion.fr\/electronique\/wp-content\/uploads\/2021\/07\/Board-to-board-2.54mm-PIN-HEADER-DR-V3.jpg?fit=599%2C477&ssl=1","width":599,"height":477},{"@type":"BreadcrumbList","@id":"https:\/\/www.celion.fr\/electronique\/board-to-board-pin-header-2-54mm-dip4-board-to-board-pin-header-2-54mm-dr-board-to-board-pin-header-2-54mm-smt-board-to-board-pin-header-2-5\/board-to-board-2-54mm-pin-header-dr\/#breadcrumb","itemListElement":[{"@type":"ListItem","position":1,"name":"Accueil","item":"https:\/\/www.celion.fr\/electronique\/"},{"@type":"ListItem","position":2,"name":"Board To Board-Pin header-2.54mm","item":"https:\/\/www.celion.fr\/electronique\/board-to-board-pin-header-2-54mm-dip4-board-to-board-pin-header-2-54mm-dr-board-to-board-pin-header-2-54mm-smt-board-to-board-pin-header-2-5\/"},{"@type":"ListItem","position":3,"name":"Board to board &#8211; 2.54mm PIN HEADER DR"}]},{"@type":"WebSite","@id":"https:\/\/www.celion.fr\/electronique\/#website","url":"https:\/\/www.celion.fr\/electronique\/","name":"C\u00e9lion \u00e9lectronique - Votre partenaire","description":"","publisher":{"@id":"https:\/\/www.celion.fr\/electronique\/#organization"},"potentialAction":[{"@type":"SearchAction","target":{"@type":"EntryPoint","urlTemplate":"https:\/\/www.celion.fr\/electronique\/?s={search_term_string}"},"query-input":{"@type":"PropertyValueSpecification","valueRequired":true,"valueName":"search_term_string"}}],"inLanguage":"fr-FR"},{"@type":"Organization","@id":"https:\/\/www.celion.fr\/electronique\/#organization","name":"C\u00e9lion \u00e9lectronique","url":"https:\/\/www.celion.fr\/electronique\/","logo":{"@type":"ImageObject","inLanguage":"fr-FR","@id":"https:\/\/www.celion.fr\/electronique\/#\/schema\/logo\/image\/","url":"https:\/\/i1.wp.com\/www.celion.fr\/electronique\/wp-content\/uploads\/2021\/04\/LOGO_Celion_fond-transparent.png?fit=13386%2C3465&ssl=1","contentUrl":"https:\/\/i1.wp.com\/www.celion.fr\/electronique\/wp-content\/uploads\/2021\/04\/LOGO_Celion_fond-transparent.png?fit=13386%2C3465&ssl=1","width":13386,"height":3465,"caption":"C\u00e9lion \u00e9lectronique"},"image":{"@id":"https:\/\/www.celion.fr\/electronique\/#\/schema\/logo\/image\/"}}]}},"jetpack_sharing_enabled":true,"_links":{"self":[{"href":"https:\/\/www.celion.fr\/electronique\/wp-json\/wp\/v2\/pages\/1877","targetHints":{"allow":["GET"]}}],"collection":[{"href":"https:\/\/www.celion.fr\/electronique\/wp-json\/wp\/v2\/pages"}],"about":[{"href":"https:\/\/www.celion.fr\/electronique\/wp-json\/wp\/v2\/types\/page"}],"author":[{"embeddable":true,"href":"https:\/\/www.celion.fr\/electronique\/wp-json\/wp\/v2\/users\/1"}],"replies":[{"embeddable":true,"href":"https:\/\/www.celion.fr\/electronique\/wp-json\/wp\/v2\/comments?post=1877"}],"version-history":[{"count":3,"href":"https:\/\/www.celion.fr\/electronique\/wp-json\/wp\/v2\/pages\/1877\/revisions"}],"predecessor-version":[{"id":9689,"href":"https:\/\/www.celion.fr\/electronique\/wp-json\/wp\/v2\/pages\/1877\/revisions\/9689"}],"up":[{"embeddable":true,"href":"https:\/\/www.celion.fr\/electronique\/wp-json\/wp\/v2\/pages\/616"}],"wp:attachment":[{"href":"https:\/\/www.celion.fr\/electronique\/wp-json\/wp\/v2\/media?parent=1877"}],"curies":[{"name":"wp","href":"https:\/\/api.w.org\/{rel}","templated":true}]}}